{"id":118,"date":"2024-11-18T13:43:50","date_gmt":"2024-11-18T12:43:50","guid":{"rendered":"https:\/\/erb-sas.fr\/?page_id=118"},"modified":"2025-01-09T16:55:10","modified_gmt":"2025-01-09T15:55:10","slug":"nos-services","status":"publish","type":"page","link":"https:\/\/erb-sas.fr\/index.php\/nos-services\/","title":{"rendered":"Nos Services"},"content":{"rendered":"\t\t<div data-elementor-type=\"wp-page\" data-elementor-id=\"118\" class=\"elementor elementor-118\">\n\t\t\t\t<div class=\"elementor-element elementor-element-064aa9d e-grid e-con-boxed e-con e-parent\" data-id=\"064aa9d\" data-element_type=\"container\" data-e-type=\"container\">\n\t\t\t\t\t<div class=\"e-con-inner\">\n\t\t\t\t<div class=\"elementor-element elementor-element-943ba0a elementor-widget elementor-widget-image\" data-id=\"943ba0a\" data-element_type=\"widget\" data-e-type=\"widget\" data-widget_type=\"image.default\">\n\t\t\t\t<div class=\"elementor-widget-container\">\n\t\t\t\t\t\t\t\t\t\t\t\t\t\t\t<img fetchpriority=\"high\" decoding=\"async\" width=\"300\" height=\"200\" src=\"https:\/\/erb-sas.fr\/wp-content\/uploads\/2024\/11\/courant_faible-300x200.jpg\" class=\"attachment-medium size-medium wp-image-164\" alt=\"\" srcset=\"https:\/\/erb-sas.fr\/wp-content\/uploads\/2024\/11\/courant_faible-300x200.jpg 300w, https:\/\/erb-sas.fr\/wp-content\/uploads\/2024\/11\/courant_faible-768x512.jpg 768w, https:\/\/erb-sas.fr\/wp-content\/uploads\/2024\/11\/courant_faible.jpg 1000w\" sizes=\"(max-width: 300px) 100vw, 300px\" \/>\t\t\t\t\t\t\t\t\t\t\t\t\t\t\t<\/div>\n\t\t\t\t<\/div>\n\t\t\t\t<div class=\"elementor-element elementor-element-96d5e94 elementor-widget elementor-widget-image\" data-id=\"96d5e94\" data-element_type=\"widget\" data-e-type=\"widget\" data-widget_type=\"image.default\">\n\t\t\t\t<div class=\"elementor-widget-container\">\n\t\t\t\t\t\t\t\t\t\t\t\t\t\t\t<img decoding=\"async\" width=\"300\" height=\"200\" src=\"https:\/\/erb-sas.fr\/wp-content\/uploads\/2024\/11\/contrats-entretien-300x200.jpg\" class=\"attachment-medium size-medium wp-image-163\" alt=\"\" srcset=\"https:\/\/erb-sas.fr\/wp-content\/uploads\/2024\/11\/contrats-entretien-300x200.jpg 300w, https:\/\/erb-sas.fr\/wp-content\/uploads\/2024\/11\/contrats-entretien-1024x683.jpg 1024w, https:\/\/erb-sas.fr\/wp-content\/uploads\/2024\/11\/contrats-entretien-768x512.jpg 768w, https:\/\/erb-sas.fr\/wp-content\/uploads\/2024\/11\/contrats-entretien-1536x1024.jpg 1536w, https:\/\/erb-sas.fr\/wp-content\/uploads\/2024\/11\/contrats-entretien-2048x1366.jpg 2048w\" sizes=\"(max-width: 300px) 100vw, 300px\" \/>\t\t\t\t\t\t\t\t\t\t\t\t\t\t\t<\/div>\n\t\t\t\t<\/div>\n\t\t\t\t<div class=\"elementor-element elementor-element-fb787cc elementor-widget elementor-widget-image\" data-id=\"fb787cc\" data-element_type=\"widget\" data-e-type=\"widget\" data-widget_type=\"image.default\">\n\t\t\t\t<div class=\"elementor-widget-container\">\n\t\t\t\t\t\t\t\t\t\t\t\t\t\t\t<img decoding=\"async\" width=\"300\" height=\"200\" src=\"https:\/\/erb-sas.fr\/wp-content\/uploads\/2024\/11\/Maintenance-Ferroviaire-quai-gare-300x200.webp\" class=\"attachment-medium size-medium wp-image-161\" alt=\"\" srcset=\"https:\/\/erb-sas.fr\/wp-content\/uploads\/2024\/11\/Maintenance-Ferroviaire-quai-gare-300x200.webp 300w, https:\/\/erb-sas.fr\/wp-content\/uploads\/2024\/11\/Maintenance-Ferroviaire-quai-gare-768x512.webp 768w, https:\/\/erb-sas.fr\/wp-content\/uploads\/2024\/11\/Maintenance-Ferroviaire-quai-gare.webp 1024w\" sizes=\"(max-width: 300px) 100vw, 300px\" \/>\t\t\t\t\t\t\t\t\t\t\t\t\t\t\t<\/div>\n\t\t\t\t<\/div>\n\t\t\t\t<div class=\"elementor-element elementor-element-0ce61ef elementor-widget elementor-widget-image\" data-id=\"0ce61ef\" data-element_type=\"widget\" data-e-type=\"widget\" data-widget_type=\"image.default\">\n\t\t\t\t<div class=\"elementor-widget-container\">\n\t\t\t\t\t\t\t\t\t\t\t\t\t\t\t<img loading=\"lazy\" decoding=\"async\" width=\"300\" height=\"200\" src=\"https:\/\/erb-sas.fr\/wp-content\/uploads\/2024\/11\/passage-sous-tarrein-300x200.jpg\" class=\"attachment-medium size-medium wp-image-162\" alt=\"\" srcset=\"https:\/\/erb-sas.fr\/wp-content\/uploads\/2024\/11\/passage-sous-tarrein-300x200.jpg 300w, https:\/\/erb-sas.fr\/wp-content\/uploads\/2024\/11\/passage-sous-tarrein-768x513.jpg 768w, https:\/\/erb-sas.fr\/wp-content\/uploads\/2024\/11\/passage-sous-tarrein.jpg 800w\" sizes=\"(max-width: 300px) 100vw, 300px\" \/>\t\t\t\t\t\t\t\t\t\t\t\t\t\t\t<\/div>\n\t\t\t\t<\/div>\n\t\t\t\t<div class=\"elementor-element elementor-element-74345e4 elementor-widget elementor-widget-image\" data-id=\"74345e4\" data-element_type=\"widget\" data-e-type=\"widget\" data-widget_type=\"image.default\">\n\t\t\t\t<div class=\"elementor-widget-container\">\n\t\t\t\t\t\t\t\t\t\t\t\t\t\t\t<img loading=\"lazy\" decoding=\"async\" width=\"300\" height=\"200\" src=\"https:\/\/erb-sas.fr\/wp-content\/uploads\/2024\/11\/fond-ecran-DEPANNAGE-300x200.jpg\" class=\"attachment-medium size-medium wp-image-160\" alt=\"\" srcset=\"https:\/\/erb-sas.fr\/wp-content\/uploads\/2024\/11\/fond-ecran-DEPANNAGE-300x200.jpg 300w, https:\/\/erb-sas.fr\/wp-content\/uploads\/2024\/11\/fond-ecran-DEPANNAGE-1024x683.jpg 1024w, https:\/\/erb-sas.fr\/wp-content\/uploads\/2024\/11\/fond-ecran-DEPANNAGE-768x512.jpg 768w, https:\/\/erb-sas.fr\/wp-content\/uploads\/2024\/11\/fond-ecran-DEPANNAGE.jpg 1254w\" sizes=\"(max-width: 300px) 100vw, 300px\" \/>\t\t\t\t\t\t\t\t\t\t\t\t\t\t\t<\/div>\n\t\t\t\t<\/div>\n\t\t\t\t<div class=\"elementor-element elementor-element-ad7b844 elementor-widget elementor-widget-image\" data-id=\"ad7b844\" data-element_type=\"widget\" data-e-type=\"widget\" data-widget_type=\"image.default\">\n\t\t\t\t<div class=\"elementor-widget-container\">\n\t\t\t\t\t\t\t\t\t\t\t\t\t\t\t<img loading=\"lazy\" decoding=\"async\" width=\"300\" height=\"150\" src=\"https:\/\/erb-sas.fr\/wp-content\/uploads\/2024\/11\/Etude-300x150.jpg\" class=\"attachment-medium size-medium wp-image-159\" alt=\"\" srcset=\"https:\/\/erb-sas.fr\/wp-content\/uploads\/2024\/11\/Etude-300x150.jpg 300w, https:\/\/erb-sas.fr\/wp-content\/uploads\/2024\/11\/Etude.jpg 542w\" sizes=\"(max-width: 300px) 100vw, 300px\" \/>\t\t\t\t\t\t\t\t\t\t\t\t\t\t\t<\/div>\n\t\t\t\t<\/div>\n\t\t\t\t\t<\/div>\n\t\t\t\t<\/div>\n\t\t<div class=\"elementor-element elementor-element-5ec4b62 e-flex e-con-boxed e-con e-parent\" data-id=\"5ec4b62\" data-element_type=\"container\" data-e-type=\"container\">\n\t\t\t\t\t<div class=\"e-con-inner\">\n\t\t\t\t<div class=\"elementor-element elementor-element-972d054 elementor-widget elementor-widget-text-editor\" data-id=\"972d054\" data-element_type=\"widget\" data-e-type=\"widget\" data-widget_type=\"text-editor.default\">\n\t\t\t\t<div class=\"elementor-widget-container\">\n\t\t\t\t\t\t\t\t\t<p><b style=\"color: var( --e-global-color-text ); font-family: var( --e-global-typography-text-font-family ), Sans-serif; text-align: var(--text-align); font-size: 1rem;\"><span style=\"font-size: 20.5pt; line-height: 107%; font-family: 'Arial',sans-serif; mso-fareast-font-family: 'Times New Roman'; color: #02aeed; text-transform: uppercase; letter-spacing: .75pt; mso-font-kerning: 0pt; mso-ligatures: none; mso-ansi-language: FR; mso-fareast-language: FR; mso-bidi-language: AR-SA;\">Electricit\u00e9 G\u00e9n\u00e9rale\u00a0<\/span><\/b><\/p><p>ERB installe \u00e9galement diff\u00e9rentes solutions de\u00a0<strong>chauffage \u00e9lectrique<\/strong>\u00a0: radiateur \u00e0 inertie, radiateur connect\u00e9, radiateur \u00e9lectrique \u00e0 rayonnement\u2026 ainsi que des ballons d\u2019eau chaude<\/p><p><strong>Courants forts et Courants faibles<\/strong><\/p><p>Le m\u00e9tier d\u2019\u00e9lectricien couvre \u00e9galement les courants faibles, c\u2019est-\u00e0-dire les courants qui circulent sur les voies de communication.<\/p><p>Nous mettons \u00e0 votre service notre exp\u00e9rience professionnelle et installons pour vous un\u00a0<strong>r\u00e9seau VDI (voix, donn\u00e9es, images)<\/strong>\u00a0qui vous permettra de profiter pleinement de toutes les fonctionnalit\u00e9s de votre habitation ou de votre lieu de travail.<\/p><p>Sur ce r\u00e9seau, nous installons selon vos besoins\u00a0:<\/p><ul><li>Alarme technique, alarme incendie, alarme anti-intrusion, bouton STOP, sonorisation, armoire r\u00e9seau<\/li><li>R\u00e9seau t\u00e9l\u00e9phonique, fibre optique, vid\u00e9o surveillance, antenne satellite, antenne de t\u00e9l\u00e9vision<\/li><li>Interphone portier, interphone vid\u00e9o, digicode<\/li><li>Portails et barri\u00e8res automatiques, portes automatiques<\/li><\/ul><div><b style=\"color: var( --e-global-color-text ); font-family: var( --e-global-typography-text-font-family ), Sans-serif; text-align: var(--text-align); font-size: 1rem;\"><span style=\"font-size: 20.5pt; font-family: 'Arial',sans-serif; mso-fareast-font-family: 'Times New Roman'; color: #02aeed; text-transform: uppercase; letter-spacing: .75pt; mso-font-kerning: 0pt; mso-ligatures: none; mso-fareast-language: FR;\">Contrat d\u2019entretien<\/span><\/b><\/div><p>ERB propose \u00e0 tous ses clients (particuliers, commer\u00e7ants, industriels, entreprises du b\u00e2timent, syndicats de copropri\u00e9t\u00e9\u2026)\u00a0<strong>un contrat d\u2019entretien<\/strong>\u00a0qui permet d\u2019accro\u00eetre la long\u00e9vit\u00e9 de leurs \u00e9quipements \u00e9lectriques gr\u00e2ce \u00e0 une maintenance r\u00e9guli\u00e8re.<\/p><p>Nos techniciens interviennent chez vous et v\u00e9rifient l\u2019\u00e9tat g\u00e9n\u00e9ral des appareils, leur v\u00e9tust\u00e9, leur consommation \u00e9lectrique et leur efficacit\u00e9. Cette maintenance permet de s\u2019assurer que votre \u00e9quipement fonctionne correctement et que vos locaux sont s\u00e9curis\u00e9s, et de\u00a0<strong>r\u00e9duire les pannes et les co\u00fbts dus au d\u00e9pannage<\/strong>.<\/p><p style=\"margin-bottom: 11.25pt; line-height: 23.25pt; background-image: initial; background-position: initial; background-size: initial; background-repeat: initial; background-attachment: initial; background-origin: initial; background-clip: initial;\"><b><span style=\"font-size: 20.5pt; font-family: 'Arial',sans-serif; mso-fareast-font-family: 'Times New Roman'; color: #02aeed; text-transform: uppercase; letter-spacing: .75pt; mso-font-kerning: 0pt; mso-ligatures: none; mso-fareast-language: FR;\">D\u00e9pannage<\/span><\/b><\/p><p>En cas de panne d\u2019\u00e9lectricit\u00e9 ou d\u2019appareil d\u00e9fectueux, ERB intervient imm\u00e9diatement en\u00a0<strong>d\u00e9pannage dans toute la r\u00e9gion Ile de France<\/strong>.<\/p><p>Votre satisfaction est notre priorit\u00e9\u00a0! C\u2019est pourquoi nous mettons tout en \u0153uvre pour vous proposer un mat\u00e9riel de remplacement si une pi\u00e8ce a besoin d\u2019\u00eatre chang\u00e9e. Notre s\u00e9rieux et notre professionnalisme font notre r\u00e9putation.<\/p><p style=\"margin-bottom: 11.25pt; line-height: 23.25pt; background-image: initial; background-position: initial; background-size: initial; background-repeat: initial; background-attachment: initial; background-origin: initial; background-clip: initial;\"><span style=\"color: #02aeed; font-family: Arial, sans-serif;\"><span style=\"font-size: 27.3333px; letter-spacing: 1px; text-transform: uppercase;\">bureau d&rsquo;ETUDE EN ELECTRICITE<\/span><\/span><\/p><p>Nous r\u00e9alisons des <strong>\u00e9tudes \u00e9lectriques compl\u00e8te de votre projet<\/strong>\u00a0afin de vous proposer des solutions sur mesure. Gr\u00e2ce \u00e0 l\u2019expertise de techniciens, nous prenons en charge l\u2019\u00e9tude de\u00a0<strong>faisabilit\u00e9, de conception, d\u2019ex\u00e9cution et de contr\u00f4le<\/strong>\u00a0et vous livrons les plans d\u00e9taill\u00e9s n\u00e9cessaires au lancement des travaux de votre b\u00e2timent r\u00e9sidentiel, tertiaire ou industriel.<\/p>\t\t\t\t\t\t\t\t<\/div>\n\t\t\t\t<\/div>\n\t\t\t\t\t<\/div>\n\t\t\t\t<\/div>\n\t\t\t\t<\/div>\n\t\t","protected":false},"excerpt":{"rendered":"<p>Electricit\u00e9 G\u00e9n\u00e9rale\u00a0 ERB installe \u00e9galement diff\u00e9rentes solutions de\u00a0chauffage \u00e9lectrique\u00a0: radiateur \u00e0 inertie, radiateur connect\u00e9, radiateur \u00e9lectrique \u00e0 rayonnement\u2026 ainsi que des ballons d\u2019eau chaude Courants forts et Courants faibles Le m\u00e9tier d\u2019\u00e9lectricien couvre \u00e9galement les courants faibles, c\u2019est-\u00e0-dire les courants qui circulent sur les voies de communication. Nous mettons \u00e0 votre service notre exp\u00e9rience professionnelle [&hellip;]<\/p>\n","protected":false},"author":1,"featured_media":0,"parent":0,"menu_order":0,"comment_status":"closed","ping_status":"closed","template":"","meta":{"footnotes":""},"class_list":["post-118","page","type-page","status-publish","hentry"],"_links":{"self":[{"href":"https:\/\/erb-sas.fr\/index.php\/wp-json\/wp\/v2\/pages\/118","targetHints":{"allow":["GET"]}}],"collection":[{"href":"https:\/\/erb-sas.fr\/index.php\/wp-json\/wp\/v2\/pages"}],"about":[{"href":"https:\/\/erb-sas.fr\/index.php\/wp-json\/wp\/v2\/types\/page"}],"author":[{"embeddable":true,"href":"https:\/\/erb-sas.fr\/index.php\/wp-json\/wp\/v2\/users\/1"}],"replies":[{"embeddable":true,"href":"https:\/\/erb-sas.fr\/index.php\/wp-json\/wp\/v2\/comments?post=118"}],"version-history":[{"count":26,"href":"https:\/\/erb-sas.fr\/index.php\/wp-json\/wp\/v2\/pages\/118\/revisions"}],"predecessor-version":[{"id":260,"href":"https:\/\/erb-sas.fr\/index.php\/wp-json\/wp\/v2\/pages\/118\/revisions\/260"}],"wp:attachment":[{"href":"https:\/\/erb-sas.fr\/index.php\/wp-json\/wp\/v2\/media?parent=118"}],"curies":[{"name":"wp","href":"https:\/\/api.w.org\/{rel}","templated":true}]}}